{"id":6643,"date":"2018-03-20T15:36:28","date_gmt":"2018-03-20T14:36:28","guid":{"rendered":"http:\/\/lasco.comu.ucl.ac.be\/wordpress\/?page_id=6643"},"modified":"2021-01-06T10:27:19","modified_gmt":"2021-01-06T09:27:19","slug":"pratiques-professionnelles-acteurs-de-communication","status":"publish","type":"page","link":"https:\/\/lasco.comu.ucl.ac.be\/wordpress\/pratiques-professionnelles-acteurs-de-communication\/","title":{"rendered":"Pratiques professionnelles des acteurs de la communication"},"content":{"rendered":"<p><span style=\"font-weight: 400;\">S\u2019articulant aux deux premiers axes de recherche du LASCO, cet axe ambitionne de saisir et comprendre la mani\u00e8re dont les usages des dispositifs num\u00e9riques (axe 2) participent \u00e0 reconfigurer les pratiques professionnelles des communicateurs et leur identit\u00e9 de m\u00e9tier, ou encore de questionner la question de la professionnalisation des communicateurs au regard des nouvelles mani\u00e8res d\u2019approcher les organisations et des nouvelles formes organisationnelles qui peuvent \u00e9merger (axe 1). Pour ce faire, cet axe souhaite d\u00e9cliner des perspectives de r\u00e9flexion qui portent \u00e0 la fois sur les dispositifs m\u00e9thodologiques les plus ad\u00e9quats pour investiguer le th\u00e8me de la professionnalisation au plus pr\u00e8s des acteurs et sur les approches th\u00e9oriques qui peuvent nous aider \u00e0 mieux appr\u00e9hender les pratiques professionnelles au regard des \u00e9v\u00e8nements de communication qui constituent l\u2019organisation. <\/span><\/p>\n<p><span style=\"font-weight: 400;\">Les chercheurs au sein de cet axe sont membres du r\u00e9seau international sur la professionnalisation des communicateurs (RESIPROC) qui a lanc\u00e9 en 2011 la revue Communication et professionnalisation (<\/span><a href=\"https:\/\/ojs.uclouvain.be\/index.php\/comprof\/index\"><span style=\"font-weight: 400;\">https:\/\/ojs.uclouvain.be\/index.php\/comprof\/index<\/span><\/a><span style=\"font-weight: 400;\">) <\/span><\/p>\n<p><span style=\"font-weight: 400;\"><span style=\"text-decoration: underline;\">Recherches en cours :<\/span> <\/span><\/p>\n<ul>\n<li style=\"font-weight: 400;\"><span style=\"font-weight: 400;\">Les communicateurs de l\u2019Union europ\u00e9enne (Sandrine Roginsky) \u00a0<\/span><\/li>\n<li style=\"font-weight: 400;\"><span style=\"font-weight: 400;\">Les professionnels de la communication: regards r\u00e9flexifs sur les mutations des pratiques et normes professionnelles (Anne-Marie Cotton)<\/span><\/li>\n<li style=\"font-weight: 400;\"><span style=\"font-weight: 400;\">Les professionnels de la communication politique : r\u00f4les et positionnements en campagne \u00e9lectorale (In\u00e8s Kalai) <\/span><\/li>\n<li style=\"font-weight: 400;\"><span style=\"font-weight: 400;\">(Fran\u00e7ois Lambotte) <\/span><\/li>\n<li style=\"font-weight: 400;\"><span style=\"font-weight: 400;\">Participation au European Communication Monitor (Anne-Marie Cotton) <\/span><\/li>\n<\/ul>\n","protected":false},"excerpt":{"rendered":"<p>S\u2019articulant aux deux premiers axes de recherche du LASCO, cet axe ambitionne de saisir et comprendre la mani\u00e8re dont les usages des dispositifs num\u00e9riques (axe 2) participent \u00e0 reconfigurer les pratiques professionnelles des communicateurs et leur identit\u00e9 de m\u00e9tier, ou encore de questionner la question de la professionnalisation des communicateurs\u2026<\/p>\n<p> <a class=\"continue-reading-link\" href=\"https:\/\/lasco.comu.ucl.ac.be\/wordpress\/pratiques-professionnelles-acteurs-de-communication\/\"><span>Lire la suite<\/span><i class=\"crycon-right-dir\"><\/i><\/a> <\/p>\n","protected":false},"author":93,"featured_media":0,"parent":0,"menu_order":0,"comment_status":"closed","ping_status":"closed","template":"","meta":{"_bbp_topic_count":0,"_bbp_reply_count":0,"_bbp_total_topic_count":0,"_bbp_total_reply_count":0,"_bbp_voice_count":0,"_bbp_anonymous_reply_count":0,"_bbp_topic_count_hidden":0,"_bbp_reply_count_hidden":0,"_bbp_forum_subforum_count":0,"footnotes":""},"class_list":["post-6643","page","type-page","status-publish","hentry"],"yoast_head":"<!-- This site is optimized with the Yoast SEO plugin v27.5 - https:\/\/yoast.com\/product\/yoast-seo-wordpress\/ -->\n<title>Pratiques professionnelles des acteurs de la communication - Le Lasco<\/title>\n<meta name=\"robots\" content=\"index, follow, max-snippet:-1, max-image-preview:large, max-video-preview:-1\" \/>\n<link rel=\"canonical\" href=\"https:\/\/lasco.comu.ucl.ac.be\/wordpress\/pratiques-professionnelles-acteurs-de-communication\/\" \/>\n<meta property=\"og:locale\" content=\"fr_FR\" \/>\n<meta property=\"og:type\" content=\"article\" \/>\n<meta property=\"og:title\" content=\"Pratiques professionnelles des acteurs de la communication - Le Lasco\" \/>\n<meta property=\"og:description\" content=\"S\u2019articulant aux deux premiers axes de recherche du LASCO, cet axe ambitionne de saisir et comprendre la mani\u00e8re dont les usages des dispositifs num\u00e9riques (axe 2) participent \u00e0 reconfigurer les pratiques professionnelles des communicateurs et leur identit\u00e9 de m\u00e9tier, ou encore de questionner la question de la professionnalisation des communicateurs\u2026 Lire la suite\" \/>\n<meta property=\"og:url\" content=\"https:\/\/lasco.comu.ucl.ac.be\/wordpress\/pratiques-professionnelles-acteurs-de-communication\/\" \/>\n<meta property=\"og:site_name\" content=\"Le Lasco\" \/>\n<meta property=\"article:modified_time\" content=\"2021-01-06T09:27:19+00:00\" \/>\n<meta name=\"twitter:label1\" content=\"Dur\u00e9e de lecture estim\u00e9e\" \/>\n\t<meta name=\"twitter:data1\" content=\"1 minute\" \/>\n<script type=\"application\/ld+json\" class=\"yoast-schema-graph\">{\"@context\":\"https:\\\/\\\/schema.org\",\"@graph\":[{\"@type\":\"WebPage\",\"@id\":\"https:\\\/\\\/lasco.comu.ucl.ac.be\\\/wordpress\\\/pratiques-professionnelles-acteurs-de-communication\\\/\",\"url\":\"https:\\\/\\\/lasco.comu.ucl.ac.be\\\/wordpress\\\/pratiques-professionnelles-acteurs-de-communication\\\/\",\"name\":\"Pratiques professionnelles des acteurs de la communication - Le Lasco\",\"isPartOf\":{\"@id\":\"https:\\\/\\\/lasco.comu.ucl.ac.be\\\/wordpress\\\/#website\"},\"datePublished\":\"2018-03-20T14:36:28+00:00\",\"dateModified\":\"2021-01-06T09:27:19+00:00\",\"breadcrumb\":{\"@id\":\"https:\\\/\\\/lasco.comu.ucl.ac.be\\\/wordpress\\\/pratiques-professionnelles-acteurs-de-communication\\\/#breadcrumb\"},\"inLanguage\":\"fr-FR\",\"potentialAction\":[{\"@type\":\"ReadAction\",\"target\":[\"https:\\\/\\\/lasco.comu.ucl.ac.be\\\/wordpress\\\/pratiques-professionnelles-acteurs-de-communication\\\/\"]}]},{\"@type\":\"BreadcrumbList\",\"@id\":\"https:\\\/\\\/lasco.comu.ucl.ac.be\\\/wordpress\\\/pratiques-professionnelles-acteurs-de-communication\\\/#breadcrumb\",\"itemListElement\":[{\"@type\":\"ListItem\",\"position\":1,\"name\":\"Accueil\",\"item\":\"https:\\\/\\\/lasco.comu.ucl.ac.be\\\/wordpress\"},{\"@type\":\"ListItem\",\"position\":2,\"name\":\"Pratiques professionnelles des acteurs de la communication\"}]},{\"@type\":\"WebSite\",\"@id\":\"https:\\\/\\\/lasco.comu.ucl.ac.be\\\/wordpress\\\/#website\",\"url\":\"https:\\\/\\\/lasco.comu.ucl.ac.be\\\/wordpress\\\/\",\"name\":\"Le Lasco\",\"description\":\"Le Laboratoire d&#039;Analyse des Syst\u00e8mes de Communication des Organisations\",\"potentialAction\":[{\"@type\":\"SearchAction\",\"target\":{\"@type\":\"EntryPoint\",\"urlTemplate\":\"https:\\\/\\\/lasco.comu.ucl.ac.be\\\/wordpress\\\/?s={search_term_string}\"},\"query-input\":{\"@type\":\"PropertyValueSpecification\",\"valueRequired\":true,\"valueName\":\"search_term_string\"}}],\"inLanguage\":\"fr-FR\"}]}<\/script>\n<!-- \/ Yoast SEO plugin. -->","yoast_head_json":{"title":"Pratiques professionnelles des acteurs de la communication - Le Lasco","robots":{"index":"index","follow":"follow","max-snippet":"max-snippet:-1","max-image-preview":"max-image-preview:large","max-video-preview":"max-video-preview:-1"},"canonical":"https:\/\/lasco.comu.ucl.ac.be\/wordpress\/pratiques-professionnelles-acteurs-de-communication\/","og_locale":"fr_FR","og_type":"article","og_title":"Pratiques professionnelles des acteurs de la communication - Le Lasco","og_description":"S\u2019articulant aux deux premiers axes de recherche du LASCO, cet axe ambitionne de saisir et comprendre la mani\u00e8re dont les usages des dispositifs num\u00e9riques (axe 2) participent \u00e0 reconfigurer les pratiques professionnelles des communicateurs et leur identit\u00e9 de m\u00e9tier, ou encore de questionner la question de la professionnalisation des communicateurs\u2026 Lire la suite","og_url":"https:\/\/lasco.comu.ucl.ac.be\/wordpress\/pratiques-professionnelles-acteurs-de-communication\/","og_site_name":"Le Lasco","article_modified_time":"2021-01-06T09:27:19+00:00","twitter_misc":{"Dur\u00e9e de lecture estim\u00e9e":"1 minute"},"schema":{"@context":"https:\/\/schema.org","@graph":[{"@type":"WebPage","@id":"https:\/\/lasco.comu.ucl.ac.be\/wordpress\/pratiques-professionnelles-acteurs-de-communication\/","url":"https:\/\/lasco.comu.ucl.ac.be\/wordpress\/pratiques-professionnelles-acteurs-de-communication\/","name":"Pratiques professionnelles des acteurs de la communication - Le Lasco","isPartOf":{"@id":"https:\/\/lasco.comu.ucl.ac.be\/wordpress\/#website"},"datePublished":"2018-03-20T14:36:28+00:00","dateModified":"2021-01-06T09:27:19+00:00","breadcrumb":{"@id":"https:\/\/lasco.comu.ucl.ac.be\/wordpress\/pratiques-professionnelles-acteurs-de-communication\/#breadcrumb"},"inLanguage":"fr-FR","potentialAction":[{"@type":"ReadAction","target":["https:\/\/lasco.comu.ucl.ac.be\/wordpress\/pratiques-professionnelles-acteurs-de-communication\/"]}]},{"@type":"BreadcrumbList","@id":"https:\/\/lasco.comu.ucl.ac.be\/wordpress\/pratiques-professionnelles-acteurs-de-communication\/#breadcrumb","itemListElement":[{"@type":"ListItem","position":1,"name":"Accueil","item":"https:\/\/lasco.comu.ucl.ac.be\/wordpress"},{"@type":"ListItem","position":2,"name":"Pratiques professionnelles des acteurs de la communication"}]},{"@type":"WebSite","@id":"https:\/\/lasco.comu.ucl.ac.be\/wordpress\/#website","url":"https:\/\/lasco.comu.ucl.ac.be\/wordpress\/","name":"Le Lasco","description":"Le Laboratoire d&#039;Analyse des Syst\u00e8mes de Communication des Organisations","potentialAction":[{"@type":"SearchAction","target":{"@type":"EntryPoint","urlTemplate":"https:\/\/lasco.comu.ucl.ac.be\/wordpress\/?s={search_term_string}"},"query-input":{"@type":"PropertyValueSpecification","valueRequired":true,"valueName":"search_term_string"}}],"inLanguage":"fr-FR"}]}},"jetpack_sharing_enabled":true,"jetpack_shortlink":"https:\/\/wp.me\/P5k9Pv-1J9","_links":{"self":[{"href":"https:\/\/lasco.comu.ucl.ac.be\/wordpress\/wp-json\/wp\/v2\/pages\/6643","targetHints":{"allow":["GET"]}}],"collection":[{"href":"https:\/\/lasco.comu.ucl.ac.be\/wordpress\/wp-json\/wp\/v2\/pages"}],"about":[{"href":"https:\/\/lasco.comu.ucl.ac.be\/wordpress\/wp-json\/wp\/v2\/types\/page"}],"author":[{"embeddable":true,"href":"https:\/\/lasco.comu.ucl.ac.be\/wordpress\/wp-json\/wp\/v2\/users\/93"}],"replies":[{"embeddable":true,"href":"https:\/\/lasco.comu.ucl.ac.be\/wordpress\/wp-json\/wp\/v2\/comments?post=6643"}],"version-history":[{"count":4,"href":"https:\/\/lasco.comu.ucl.ac.be\/wordpress\/wp-json\/wp\/v2\/pages\/6643\/revisions"}],"predecessor-version":[{"id":11403,"href":"https:\/\/lasco.comu.ucl.ac.be\/wordpress\/wp-json\/wp\/v2\/pages\/6643\/revisions\/11403"}],"wp:attachment":[{"href":"https:\/\/lasco.comu.ucl.ac.be\/wordpress\/wp-json\/wp\/v2\/media?parent=6643"}],"curies":[{"name":"wp","href":"https:\/\/api.w.org\/{rel}","templated":true}]}}